et o(d) = -d - 1. Let s(f) = -2*b(f) + 3*o(f). What is s(-3)?
2
Let l(h) = -3*h - 7. Let p(y) = y**2 + 24*y - 292. Let z be p(-33). Give l(z).
-22
Let s(z) = 16 - 495*z**2 + 10*z + 246*z**2 + 250*z**2. Determine s(-8).
0
Let g(m) = -10*m**3 - 2*m**2 - 2*m + 2. Let x(v) = -21*v**3 - 5*v**2 - 5*v + 5. Let u(r) = 5*g(r) - 2*x(r). Suppose -5*l = 3 + 2. What is u(l)?
8
Let n = 18 + -11. Let p(t) = -11 - n - t + 0*t + 10. Calculate p(-6).
-2
Let p(f) = 2*f - 5. Let t be p(10). Suppose -2*o + 6 = 4*h, -4*h - o + t = -2*o. Let m(d) = -d + 3 + 7 - h. Calculate m(6).
1
Let a(b) be the third derivative of -1/120*b**6 - 1/20*b**5 + 0 + 0*b + 1/6*b**3 - 13*b**2 + 1/24*b**4. Calculate a(-3).
-2
Suppose 5*q - 47 - 3 = -5*i, -4*i = 0. Suppose l - a = -2*a + q, l + 5 = 2*a. Let c(n) = -1 - n**2 + 5*n + 2*n - 2. Determine c(l).
7
Suppose 10 = -2*r - 2*m, 3*m = 5*r - 0*r + 9. Let z(o) = o**2. Let q(j) = 2*j**2 - 2*j + 5. Let v(a) = r*z(a) + q(a). Determine v(-5).
-10
Let i(p) = 3*p + 1. Let q(z) = -5*z - 9. Let b(y) = -2*i(y) - q(y). What is b(-3)?
10
Let k(x) be the third derivative of -x**5/60 - x**2. Suppose -2*s - 188 + 182 = 0. Calculate k(s).
-9
Let p(v) = -v**2 - 4*v - 4. Suppose 0 = s - 3. Let g(d) = d**3 - 9*d**2 - 4*d + 40. Let x be g(9). Suppose s = -x*a - 13. What is p(a)?
-4
Let h(l) be the first derivative of l**4/4 - l**3/3 - l**2/2 - 11*l + 868. Determine h(0).
-11
Let q(h) = h**2 - 3*h + 8. Let m(j) = j**2 - 6*j + 15. Let i(n) = 4*m(n) - 7*q(n). Calculate i(3).
-32
Let x(o) = -11814*o + 5903*o - 19 - o**3 - 13*o**2 + 5909*o. Give x(-13).
7
Let m(v) = 3*v + 616 + v**2 - 20*v - 581. What is m(15)?
5
Let f(y) = -y + 5. Let d(i) = 3*i - 11. Let r(s) = 2*d(s) + 5*f(s). Determine r(-10).
-7
Let a(u) be the first derivative of -u**2/2 - u - 4. Let b(j) = j**3 - 20*j**2 + 18*j + 23. Let l = -26 + 45. Let m be b(l). Give a(m).
-5
Suppose 3*c - 13 = l, -l + 20 = 4*c - 2. Suppose 2*p = 6, -3*n - l*p + 18 = p. Suppose u - n + 10 = 0. Let z(k) = -k**3 - 7*k**2 + 4. Determine z(u).
4
Let u(m) be the second derivative of -3*m**2 - 2/3*m**3 + 0 - 10*m - 1/20*m**5 - 5/12*m**4. What is u(-4)?
-6
Let x(n) = 6*n**3 - 3*n + 2. Let c(g) = -19*g**3 - g**2 + 10*g - 6. Let k(j) = -2*c(j) - 7*x(j). What is k(1)?
-3
Let u(k) = 4 - 10*k + 4 + 0 - 2*k**2 - 15 - 1. What is u(-7)?
-36
Suppose -o = -3*s, 2*s = 16*o - 14*o + 8. Let v(t) = -2*t**2 - 8*t - 4. Give v(o).
-28
Let j = 32 + -53. Let g = j + 20. Let f(h) = -h**2 - h. Give f(g).
0
Let z(s) = -s**3 - 3*s**2 + 2*s + 1. Suppose -2*o - 5*p = -5*o + 99, 5*p + 15 = 0. Suppose -a - 17 = -2*j + 4*a, 2*j = -4*a - o. What is z(j)?
9
Let q(p) = 2*p**3 + 2*p**2 + 2*p + 2. Let g be (19 + -17)/((-2)/(-3)). Suppose 8*n - g*n + 10 = 0. Determine q(n).
-10
Let h = -194 + 200. Let m(u) = -u - 3. What is m(h)?
-9
Let f(x) = x**2 - x. Let j(l) = -l**3 + 3*l**2 - 8*l. Let n(w) = 5*f(w) - j(w). Calculate n(-2).
-6
Let p(q) = -q**3 - 5*q**2 + q - 3. Let t(h) = -2*h**3 - 11*h**2 + h - 7. Let r be (-1 + -2)*50/30. Let m = 0 + 2. Let w(a) = m*t(a) + r*p(a). What is w(-4)?
-3
Let q(c) = -c**2 + 11*c - 7. Let v = -776 + 785. Give q(v).
11
Let o(r) = 17*r - 65. Let n be o(4). Let u(h) = h + 2. Give u(n).
5
Suppose 4*k - 3*f = -0*k - 29, 3*k - 5*f = -30. Let j(t) be the first derivative of -t**2/2 + 2*t - 8. Determine j(k).
7
Let d(b) be the third derivative of 7*b**4/24 - 7*b**3/3 + 18*b**2 + 6. Give d(6).
28
Let y be 3 + (-6)/4*4/6. Let l(t) = -28*t**2 + 9*t**2 + t + 9*t**y. What is l(1)?
-9
Suppose -m = p + p - 104, 383 = 4*m - 3*p. Suppose -5*h - m = -19*h. Let s(x) = 3*x - 10. What is s(h)?
11
Let z be -2 - 32/(-6) - (-5)/(-15). Let k(x) = -z*x - 13 + 3 + 4 + 12. Determine k(4).
-6
Let a = 8 + -5. Let l(s) = 0*s + a*s - 6*s. Let c(p) = p**2 + 11*p + 31. Let z be c(-6). Give l(z).
-3
Let q(k) = k**3 + k + 9. Let g be -2*1/(-3) - (-178)/(-6). Let y = g + 29. Calculate q(y).
9
Let z be 2 + -1 + 2 + -1. Let c(m) = 4*m + 3 - z - 3. Let i = -45 + 50. Calculate c(i).
18
Let x(h) = 2*h - 3. Suppose -3*y + 17 = -p, 5*y + 0*y - 3*p - 23 = 0. Give x(y).
11
Let x(v) be the second derivative of 2*v**3/3 - 2*v**2 + 20*v. Let d = 7 - 4. Give x(d).
8
Let q(f) = -6 - 7*f + 3*f + 5*f. Let g be q(4). Let z(s) = -20*s**2 - 3*s - 8. Let b(y) = -7*y**2 - y - 3. Let k(d) = 8*b(d) - 3*z(d). Determine k(g).
14
Let z(g) = g**3 + 8*g**2 + 8*g + 7. Suppose -8*k = 346 - 290. Give z(k).
0
Let p(z) = 3*z**2 - 3*z + 6. Let h(d) = 2. Let j(y) = 2*h(y) - p(y). Calculate j(-3).
-38
Let p = -76 - -80. Let x(b) = -3 - 3*b + p*b + 1 + 0. Calculate x(3).
1
Let j = 10 + -6. Suppose -j*x - 1 = -5. Let h(y) = y**2 - 2*y**2 - 90 + 89 + 2*y. What is h(x)?
0
Suppose -13 = f - 5. Let b = 9 + f. Let c(a) = 3*a - a - 3*a - 5*a**2. What is c(b)?
-6
Let m(w) = 6*w + 12. Suppose 0 = -4*v + 5*r + 13, 0 = 28*v - 25*v - 4*r - 11. Give m(v).
-6
Let d(i) = -i**2 + 7*i + 2. Let r(a) = -a**2 - a + 18. Let z be r(0). Suppose 0 = -16*k + z*k - 18. Suppose -3*o + k*o = 36. Calculate d(o).
8
Let k(q) = 0*q - 2*q - 3*q. Suppose p = 4 - 1. Suppose 0 = 3*v + p, 4*g = -2*v + 7 + 3. Calculate k(g).
-15
Suppose 2*d + 95 = 107. Let k(z) = z**2 - 5*z - 7. Calculate k(d).
-1
Let k(g) = g + 4. Let n = 35 + -33. Suppose -n*q = -q + 17. Let c = q - -13. What is k(c)?
0
Let a(h) be the first derivative of h**4/4 + 2*h**3 - 7*h**2/2 + 9*h + 18. Let p = -8 - -1. What is a(p)?
9
Let c = -19 + 22. Let d = 6 - c. Let v(p) = p**3 - 3*p**2 - 4*p**2 + d*p + 2*p**2 + 1. What is v(3)?
-8
Let x(a) = a**3 + 2251*a**2 - 2 + 2*a + 3*a - 2246*a**2. Suppose -h - 20 = 4*h. Determine x(h).
-6
Let k(d) = -d - 4*d**3 + 12 - 17 + 2*d**2 - 6*d**2 + 7*d**2. Let y(s) = 5*s**3 - 3*s**2 + 5. Let b(l) = 6*k(l) + 5*y(l). Let p = 11 - 15. Calculate b(p).
3
Let y(c) = 1 - c**2 + 231*c - 161*c - 68*c. Let i(m) = m**3 - 3*m**2 - 1. Let h be i(3). What is y(h)?
-2
Let h = 1 - -81. Suppose -164 = -s - 3*s - 2*b, 3*b + h = 2*s. Let d(q) = -q**3 + 4 - 47*q**2 + s*q**2 + 0*q**3 - q. Give d(-5).
-16
Let z(t) = t**3 - 20*t**2 + 18*t + 26. Let o be z(19). Let a be ((-1)/(-2))/(o/28). Let d(v) = -v**3 - 5*v - v**a + 11*v + 5*v**2. Determine d(5).
5
Let c(t) = t + 8. Suppose 0 = -3*p + 2*p - 2*m - 4, -2*p - 3*m = 6. Suppose -4*z + p - 32 = 0. Determine c(z).
0
Let f(b) be the third derivative of b**5/60 - b**4/8 + b**3/6 + 2*b**2. Suppose -5*p - 9 = -4*h - 8, 5*h - p - 17 = 0. What is f(h)?
5
Let c(z) = 2*z**2 - 5*z + 3*z - z**2. Suppose 3*l = 10*l + 28. Let q be (l/2)/(2/(-2)). Determine c(q).
0
Let h = 667 + -666. Let b(v) = -32*v**2 + v - 1. Calculate b(h).
-32
Let k(z) = 3*z**3 + z**2 + z - 1. Let q(h) = -10*h**3 - 17*h**2 - 15*h + 10. Let m(r) = -3*k(r) - q(r). Calculate m(-13).
6
Let x(h) = -26*h - 1 + 7 + 70*h - 45*h. Calculate x(-6).
12
Let n be 10/4*(-1)/(40/32). Let g(l) = l**3 + 2*l**2 + 4*l + 2. Determine g(n).
-6
Let k(t) = 3*t + 10. Suppose 19*z + 40 = 11*z. Give k(z).
-5
Suppose 0 = -8*q + 7*q - 2, -2*g + 3*q = 6. Let d(c) = 6 + 5*c**2 - 3*c**3 + 5*c**3 - c**3 - 5*c. Calculate d(g).
0
Suppose -10*t - 123 = -53. Let b(p) = -3*p - 15. Calculate b(t).
6
Let h(i) = 7*i**2 + 2*i - 5. Let d(b) = -3*b**2 - b + 2. Let g(s) = 2*d(s) + h(s). What is g(-4)?
15
Let g(r) be the third derivative of r**5/6 - r**4/12 + r**3/6 - r**2 - 93. Calculate g(1).
9
Let u = 26 - 22. Suppose 0 = -2*c + 4, 3*c = -u*r + 5*c + 20. Let n(g) = -g + 8. Give n(r).
2
Suppose -6*t + t + 50 = 0. Let w(q) = -t*q + 6*q + 7*q. Calculate w(-3).
-9
Let b(l) be the second derivative of l**3/6 + l**2 - 106*l. Suppose 4*g - r = -g + 4, -3*g + 8 = -2*r. Give b(g).
2
Let t(l) be the second derivative of 2*l**5/5 - l**3/2 + 2*l**2 - 279*l. Determine t(1).
9
Let b(u) = 2*u**2 + 3*u - 1. Let h = -44 - -39. Let k be -3*(h - -1)/(-4). Give b(k).
8
Suppose 4*b + 77 = 5. Let j = b - -13. Let w(o) = -o**3 - 6*o**2 - 3*o. Give w(j).
-10
Let p(d) be the first derivative of -d**4/4 + d**3 + d**2 + 4*d + 246. Determine p(5).
-36
Suppose -p - g = 3, 0 = -8*p + 3*p + 3*g + 25. Let n(h) = -6 - 7*h + 6*h + p*h - 2*h. Determine n(-7).
1
Suppose 0*a = 2*a. Suppose -3*z - 4*i - 10 = a, i + 22 = z - 4*i. Let u(k) = 0*k**2 + 0 - 3 - z*k**2 + 2*k + 2. Determine u(2).
-5
Let k = 1 + 6. Let j = -129 - -132. Let y(a) = k*a**2 - a - a - 15 + 22 - a**j. Calculate y(7).
-7
Let k(i) be the second derivative of i*